.
18
Let w(d) = 3881*d - 19406. Give w(5).
-1
Let p(l) = 3*l**3 - 351*l**2 - 196. Determine p(117).
-196
Let z(f) = -4*f**2 - 140*f - 242. Calculate z(-2).
22
Let s(i) = -124*i - 4463. Give s(-36).
1
Let b(x) = x**2 + 98*x + 2319. Give b(-38).
39
Let b(x) = -x**3 + 74*x**2 + 76*x + 254. Determine b(75).
329
Let r(b) = 4*b**3 - 37*b**2 + 11*b - 10. Calculate r(9).
8
Let u(w) = -365*w - 31748. What is u(-87)?
7
Let g(i) = i**2 + 10*i + 293. Give g(-12).
317
Let i(f) = -2*f**3 - 61*f**2 + 216*f + 3835. Determine i(-32).
-5
Let p(l) = 82*l - 96. Give p(7).
478
Let x(p) = -5*p**3 - 37*p**2 - 8*p + 45. What is x(-7)?
3
Let f(o) = 23*o**2 - 805*o + 21. Calculate f(35).
21
Let c(p) = p**3 - 13*p**2 - 22*p + 133. Determine c(14).
21
Let d(g) = 2*g**2 + 51*g - 178. Give d(-28).
-38
Let j(w) = -w**2 - 19*w + 16. Determine j(-23).
-76
Let k(q) = -846*q**2 + 1693*q - 2. Determine k(2).
0
Let c(p) = 184*p - 184. Determine c(1).
0
Let b(r) = -2*r**3 - 6*r**2 - 18*r - 91. Determine b(-4).
13
Let l(m) = -m**2 + 47*m - 395. Determine l(42).
-185
Let o(n) = n**3 + 43*n**2 + 119*n + 67. Give o(-40).
107
Let x(z) = -644*z - 59891. Give x(-93).
1
Let t(f) = 9*f**2 - 85*f + 339. Determine t(4).
143
Let k(p) = p**2 - 6*p - 70. What is k(11)?
-15
Let h(d) = 2*d**3 + 7*d**2 - 38*d + 10. What is h(-7)?
-67
Let g(n) = -4*n**3 - 404*n**2. Calculate g(-101).
0
Let v(n) = -n**3 - 13*n**2 + n - 28. Calculate v(-14).
154
Let h(v) = 2*v**3 + 53*v**2 + 195*v - 24. Give h(-22).
42
Let z(t) = -t**3 - 12*t**2 - 27*t - 19. What is z(-7)?
-75
Let d(n) = 5*n**2 + 67*n + 19. Determine d(-12).
-65
Let q(a) = a**2 - 52*a + 636. What is q(18)?
24
Let a(x) = 30*x + 242. Calculate a(-8).
2
Let j(a) = -a**3 + 10*a**2 - 4*a + 27. What is j(10)?
-13
Let c(s) = 2*s**2 + 68*s + 155. Calculate c(-31).
-31
Let a(i) = -25*i**2 - 131*i + 25. What is a(-8)?
-527
Let u(v) = -v**2 + 524*v - 12078. What is u(24)?
-78
Let r(b) = -b**3 - 75*b**2 - 418*b - 269. Give r(-69).
7
Let n(l) = -91*l + 11000. Give n(121).
-11
Let t(b) = -b**3 - 93*b**2 - 276*b - 522. Determine t(-90).
18
Let x(o) = 5*o - 100. What is x(6)?
-70
Let j(k) = -5*k**2 + 223*k + 172. Give j(46).
-150
Let l(z) = -z**3 + 15*z**2 - 18*z + 5. Give l(14).
-51
Let s(j) = 49*j - 185. Give s(0).
-185
Let c(u) = -195*u - 47575. Determine c(-244).
5
Let m(t) = -2*t**2 - 369*t + 6427. Calculate m(16).
11
Let y(t) = -t**2 + 204*t + 607. Give y(-3).
-14
Let m(p) = p**2 - 48*p - 3789. Give m(-42).
-9
Let w(o) = 84*o - 314. What is w(3)?
-62
Let f(p) = -13*p**3 + p**2 + 70*p + 133. Determine f(-2).
101
Let d(k) = 2*k**2 - 54*k + 48. Calculate d(26).
-4
Let m(h) = h**2 - 239*h + 14257. What is m(125)?
7
Let f(g) = -2*g**3 + 19*g**2 + 46*g - 354. Determine f(10).
6
Let w(u) = -2*u**2 - 239*u + 731. Calculate w(3).
-4
Let q(y) = -166*y + 9122. Calculate q(55).
-8
Let o(l) = 2*l**3 - 24*l**2 - 23*l + 304. Give o(12).
28
Let o(i) = i**3 - 31*i**2 - 12*i + 107. Give o(31).
-265
Let r(z) = -4*z**3 - 62*z**2 - 27*z + 14. Determine r(-15).
-31
Let r(o) = -o**2 + 13*o + 444. Determine r(19).
330
Let p(z) = 701*z - 19624. What is p(28)?
4
Let k(x) = -12*x**2 - 89*x - 219. Give k(-4).
-55
Let k(m) = -m**3 - 4*m**2 + 41*m + 125. Calculate k(-3).
-7
Let s(l) = -31*l**2 + 79*l + 6. What is s(2)?
40
Let h(n) = n**2 + 7*n + 8. Give h(0).
8
Let r(x) = -2*x**2 - 103*x + 34. What is r(-52)?
-18
Let i(z) = -2*z**3 - 11*z**2 - 19*z - 16. Give i(-3).
-4
Let z(l) = 141*l + 5778. Calculate z(-41).
-3
Let g(k) = -154*k - 20201. What is g(-131)?
-27
Let s(k) = -3345*k - 20059. Give s(-6).
11
Let n(f) = -147*f**2 - 438*f + 7. Determine n(-3).
-2
Let j(o) = -o**2 - 2*o + 3120. Determine j(-57).
-15
Let y(c) = 28*c + 280. Determine y(-9).
28
Let c(a) = -a + 88. Give c(89).
-1
Let j(r) = -r**3 + 34*r**2 - 152*r + 27. Give j(5).
-8
Let l(w) = -8*w**2 - 5*w - 730. Give l(0).
-730
Let w(x) = -x**2 + 65*x - 238. Determine w(61).
6
Let l(c) = -99*c + 1347. Give l(14).
-39
Let u(k) = k**2 + 18*k - 12. Determine u(-23).
103
Let a(d) = 7*d**2 - 12*d - 23. What is a(-2)?
29
Let m(s) = 2520*s - 12541. Determine m(5).
59
Let x(j) = -2044*j - 12229. Give x(-6).
35
Let t(z) = z**3 + 6*z**2 - 30*z - 136. Give t(-4).
16
Let q(m) = m**3 + 27*m**2 + 5*m - 539. Calculate q(-26).
7
Let c(m) = -7*m**2 + 122*m - 168. What is c(16)?
-8
Let h(s) = 2*s**3 - s**2 - 26*s + 28. Determine h(3).
-5
Let t(s) = s**3 - 53*s**2 + 285*s - 69. What is t(47)?
72
Let m(c) = 52*c - 575. Calculate m(11).
-3
Let m(n) = 3*n**3 + 50*n**2 - 21*n - 73. Calculate m(-17).
-5
Let p(i) = i**2 + 7*i - 26. What is p(-10)?
4
Let x(c) = 4*c**2 + 21*c + 36. Give x(-2).
10
Let p(l) = -4*l**3 + 3*l + 3. What is p(-1)?
4
Let n(d) = 6*d**2 + 66*d - 45. Determine n(-11).
-45
Let o(u) = 3*u**3 + 11*u**2 + 30*u + 124. Determine o(-4).
-12
Let l(g) = 10*g**2 + 171*g - 14. What is l(-17)?
-31
Let b(v) = -v**2 + 15*v + 214. Give b(-9).
-2
Let y(v) = -v**2 + 518*v - 5572. Give y(11).
5
Let b(l) = -773*l - 4636. Calculate b(-6).
2
Let q(w) = -342*w + 5113. Give q(15).
-17
Let o(n) = n**3 - 14*n**2 - 14*n + 79. Give o(16).
367
Let u(w) = w**2 - 35*w - 450. Calculate u(45).
0
Let g(m) = 3*m**3 - 21*m**2 - 498*m + 3468. What is g(7)?
-18
Let h(t) = -7*t**2 - 268*t - 78. Determine h(-38).
-2
Let q(k) = 431*k + 5628. What is q(-13)?
25
Let i(v) = -2*v**3 - 47*v**2 - 269*v - 48. Calculate i(-14).
-6
Let k(c) = 13*c - 201. What is k(15)?
-6
Let v(z) = 21*z + 250. Determine v(-6).
124
Let m(g) = -37*g + 101. Give m(3).
-10
Let h(l) = 2*l**2 - 28*l - 19. Determine h(15).
11
Let x(w) = -6*w**2 - 62*w - 65. Give x(-9).
7
Let x(g) = g**2 + 47*g + 525. Determine x(-28).
-7
Let a(j) = -35709*j + 35703. Give a(1).
-6
Let z(m) = m**3 - 8*m**2 - 4*m + 55. Give z(3).
-2
Let l(w) = -2*w**2 + 7*w + 40. Calculate l(-6).
-74
Let v(l) = 13*l**2 - 1542*l + 955. What is v(118)?
11
Let q(s) = -2*s**3 + 33*s**2 - 67*s - 35. Determine q(14).
7
Let m(u) = -2*u**2 - 59. Calculate m(7).
-157
Let a(l) = -220*l**2 + 369. Calculate a(0).
369
Let m(u) = 4*u**3 + 141*u**2 - 581*u + 173. What is m(-39)?
17
Let d(w) = -w**3 + 21*w**2 + 54*w - 217. Calculate d(23).
-33
Let z(d) = -1381*d - 2760. Calculate z(-2).
2
Let h(w) = -w**2 + 38*w + 3. Give h(14).
339
Let n(s) = s**3 - 28*s**2 + 22*s - 49. Give n(27).
-184
Let p(l) = -22*l**2 - 174*l - 114. Calculate p(-6).
138
Let i(w) = -28*w + 408. What is i(6)?
240
Let s(b) = -b**3 - 135*b**2 - 132*b + 263. Calculate s(-134).
-5
Let b(d) = d**3 - 6*d**2 + 9*d - 10. What is b(5)?
10
Let m(s) = s**3 + 10*s**2 - 8*s - 23. Calculate m(2).
9
Let t(f) = -2*f. What is t(20)?
-40
Let i(k) = -k**2 - 5*k + 195. What is i(16)?
-141
Let r(s) = -59*s + 5072. What is r(87)?
-61
Let s(r) = -r**2 - 30*r - 231. Give s(-12).
-15
Let c(o) = -112*o - 39. What is c(-1)?
73
Let z(d) = -d**2 + 9*d + 17. What is z(-5)?
-53
Let v(m) = 27*m**2 + 358*m - 287. Calculate v(-14).
-7
Let f(g) = -g**2 + 4*g - 137. What is f(0)?
-137
Let l(f) = -f**3 - 13*f**2 + 10*f + 47. Calculate l(-14).
103
Let w(b) = b**3 + 23*b**2 - 14*b + 222. Determine w(-24).
-18
Let q(h) = -36*h + 182. Calculate q(0).
182
Let v(a) = -a**2 + 227*a - 1125. Calculate v(5).
-15
Let b(a) = a**3 + 26*a**2 + 66*a - 495. Determine b(-22).
-11
Let m(b) = -b - 20. Calculate m(-2).
-18
Let y(w) = 32*w - 2. What is y(-2)?
-66
Let f(r) = -r**3 - 15*r**2 - 52*r - 773. Give f(-15).
7
Let b(w) = 915*w + 3721. Calculate b(-4).
61
Let v(c) = -44*c**3 - 354*c**2 - 19*c - 26. Give v(-8).
-2
Let m(o) = -2*o**3 - 8*o**2 + 19*o + 64. Calculate m(-5).
19
Let b(u) = 1210*u + 42357. What is b(-35)?
7
Let m(x) = 2056*x + 4119. Calculate m(-2).
7
Let x(n) = 38*n**2 + 536*n + 51. Calculate x(-14).
-5
Let i(a) = -15*a**2 + 4*a + 9. Give i(0).
9
Let p(w) = -139*w**3 + 13*w**2 - 18*w + 6. What is p(1)?
-138
Let t(r) = 2*r**2 - 99*r - 34016. Give t(-108).
4
Let v(g) = 294*g + 4113. Calculate v(-14).
-3
Let i(s) = 49*s - 3. Give i(6).
291
Let i(a) = a**3 + 14*a**2 - 18*a - 404. Determine i(-13).
-1
Let d(m) = 1291*m + 1272. Calculate d(-1).
-19
Let r(j) = 8*j**2 - 38*j + 15. Give r(9).
321
Let b(f) = f**3 - 7*f**2 - 26*f - 42. Give b(10).
-2
Let i(p) = 16*p - 277. What is i(10)?
-117
Let i(s) = s**3 - 14*s**2 - 41*s - 8. Give i(-2).
10
Let q(y) = 44*y**2 + 25*y + 5. Determine q(3).
476
Let o(k) = 9023*k - 90236. Determine o